0, -m + 0*p + 1 = 3*p. Is (-10)/25 + 1034/m composite?
False
Let u(v) = 37*v**2 + 104*v + 13. Is u(-14) prime?
False
Suppose -4*y + 5*j + 177319 = -51152, -y + 57114 = -5*j. Is y a composite number?
False
Is -6 + 40/5 - -37461 prime?
True
Let l be 5*60/2 - -1. Suppose 8*k + 20 = 13*k. Suppose -3*v - k = -l. Is v composite?
True
Let l(v) = 310*v + 125. Is l(3) composite?
True
Let d(x) be the second derivative of -128*x**3/3 - x**2/2 + x. Is d(-2) a prime number?
False
Is -20 + 18 - (-6440 - -1) composite?
True
Let u(x) = -x**2 - 7*x - 4. Let k be u(-6). Suppose -h + k = -g - 1, -2*h + 10 = -4*g. Is (-38)/(-4)*2/h prime?
True
Let b(p) = p**3 + 2*p**2 - 16*p - 10. Let o(r) = r**2 + r. Let d(i) = b(i) + 5*o(i). Is d(-7) a composite number?
False
Suppose -1693 + 7657 = -4*d. Let v = d + 2930. Is v a prime number?
True
Let y(r) = 212*r**2 + r. Let a = 6 - 1. Let v be (-4 + 3)/5*a. Is y(v) a prime number?
True
Suppose 0 = -4*f + 2*l + 37118, -87*l + 88*l - 46380 = -5*f. Is f a prime number?
True
Suppose 0 = -56*w + 52*w + 29612. Is w prime?
False
Let b be -4*2*1/(-4). Suppose -b*a = 2*a + 56. Let q = a + 25. Is q a composite number?
False
Suppose 3*i = 5*l - 0*i - 4, -2*i - 2 = -4*l. Let o be 4/6*(-3)/l. Suppose -3*r + 2005 = 4*g, 4*g - 2*r - 1984 = o*r. Is g a prime number?
True
Let p(o) = -2*o + 4. Let i be p(5). Is ((-10)/(-4))/5 - 8823/i a composite number?
False
Let d(m) = 1550*m - 5. Is d(9) a composite number?
True
Suppose -2 = 10*m - 12*m. Let f(o) = -61*o - 59*o - m - 2. Is f(-6) composite?
True
Suppose 0 = -3*z + 12 - 3. Let i(d) = 159*d**2 + 2*d + 4. Is i(z) composite?
True
Let q(d) = -17*d - 17. Let s be q(-7). Suppose 2*u + s = 4*u. Let y = 520 - u. Is y a composite number?
True
Suppose -s = s + 8. Let o be (-14)/(4/s) - 0. Let c = o - 7. Is c a composite number?
False
Suppose 0 = -t - 3*t + 20. Let g(s) = -10*s**2 - 4*s - 13. Let m(i) = 19*i**2 + 7*i + 26. Let w(q) = t*g(q) + 3*m(q). Is w(-6) prime?
False
Suppose 4*d - 1611 = d. Let j = 794 - d. Is j a prime number?
True
Let m(a) = 40*a**2 + 4*a - 3. Let w be m(9). Suppose 422 = 5*i - w. Is i composite?
False
Let g be 1 - (390 + -4) - 2. Let q = 62 - g. Is q a prime number?
True
Let q(x) = 38*x**2 - 11*x + 19. Let b be (-6)/(-10) - 34/(-10). Is q(b) prime?
False
Suppose -4*w - 433 - 895 = 0. Let m = w - -581. Is m prime?
False
Let d(p) = -38*p - 1. Let l be 116/10 + 8/20. Let k = -19 + l. Is d(k) a prime number?
False
Let w = -4144 + 7181. Is w a prime number?
True
Suppose -105487 = -4*v - n, -v - 4*n + 26374 = -3*n. Is v composite?
False
Let w = -78 - -81. Suppose w*i = -11*i + 44282. Is i a composite number?
False
Suppose -6*w = 4*f - 4*w - 1210, -1 = -w. Is f prime?
False
Suppose 4 = 4*a + 28. Let o(x) = 18*x**2 - 5*x - 16. Is o(a) a composite number?
True
Suppose 0*g - 15*g - 495 = 0. Is (-22352)/(-14) + g/(-77) a prime number?
True
Let k(d) = d**3 + 6*d**2 + 3*d - 1. Let x be k(-5). Let a = 9 - x. Is 79 - a - (10 - 8) a prime number?
False
Let y = -1452 + 3285. Let p be (-4)/10 + 36/15. Suppose -x - p*x + y = 0. Is x prime?
False
Suppose -5*u = k + 1, -3*k - k - 4 = 5*u. Suppose u = b - 2*m - 589 - 160, -12 = 4*m. Is b a composite number?
False
Let u = 46 - 103. Is -3 - ((-4)/(-6) + 2831/u) a composite number?
True
Suppose 13*d + 46*d - 2770463 = 0. Is d a prime number?
True
Suppose -5*v = 3*a - 16108 + 4693, 3*a = 0. Is v a prime number?
False
Suppose 2*m - 36 = m. Suppose 0 = -4*u + 2*c + m, -3*c - 11 = -u - 2*c. Suppose -u*v + 595 = -2*v. Is v a prime number?
False
Let w be (1/(-3))/(1/(-12)). Suppose 0*q - q + 5*u + 17 = 0, w*q = 4*u + 20. Suppose q*z = z + 157. Is z a prime number?
True
Is 3/2*134642/69 prime?
True
Suppose 1005*f = 1001*f + 83716. Is f a composite number?
False
Suppose 23031 = 18*w - 10575. Is w a composite number?
False
Let v(s) be the third derivative of s**4/8 - 25*s**3/6 - 9*s**2. Let m be v(20). Let w = 114 - m. Is w prime?
True
Suppose 4*d = -5*a + 2209 - 932, 2*a = -2*d + 510. Let t(n) = -n**3 - 2*n**2 - 2*n - 4. Let b be t(4). Let i = b + a. Is i prime?
True
Let q be 1 + 7806 - 6*2/(-4). Suppose -q = -6*y - 4*y. Is y a composite number?
True
Let f(n) = -n. Let q(k) = -8*k**3 - 10*k**2 + 6*k - 1. Let b(s) = 6*f(s) + q(s). Let u be b(-7). Suppose -3*c + u = 4*p, -4*c + 198 + 2806 = 5*p. Is c prime?
True
Suppose 5*j + 1121 = 5*f - 374, 0 = -4*f + j + 1193. Let s = -99 + f. Is s composite?
False
Suppose 0 = 3*r + 5*x - 72622, -2*r - 46*x = -48*x - 48436. Is r composite?
True
Let r = -12 - -9. Let m be 111 + (-3 - (r + 1)). Let o = 277 - m. Is o a prime number?
True
Is (3573/(-12))/(3/(-20)) composite?
True
Let p(u) = -u**2 + 6*u + 9. Let o be p(7). Suppose o*b - 16 = 60. Let m = b - -225. Is m composite?
False
Suppose 0*x - 3*x = -15. Suppose -x*q = m - 4894, -2950 = -3*q + 3*m - 7*m. Is (2/6)/(2/q) a composite number?
False
Let v(c) = 1214*c + 147. Is v(17) composite?
True
Suppose -29*w = -39*w + 603310. Is w a composite number?
False
Suppose 5*c - 6*c + 4 = 0. Suppose 186 = c*g + 50. Is g composite?
True
Let i = 949 - 413. Suppose j - 9*j = -i. Is j prime?
True
Let t(c) be the third derivative of 1/6*c**4 + 11/30*c**5 + 1/3*c**3 - 10*c**2 + 0 + 0*c. Is t(-2) a composite number?
True
Let g = -234 + 409. Let j = 13 - g. Let i = 379 + j. Is i a composite number?
True
Let y = -62 - -65. Suppose 3*i - 2339 = 2*k, 4*i + 3*k = -495 + 3591. Suppose -y*o + i = -0*o. Is o prime?
False
Let q be 6/(-15)*(-1 + -9). Suppose -40 + 420 = 5*t + q*d, 3*t - 2*d = 250. Let h = t - -599. Is h composite?
True
Let y be (-9)/9 - (1 + -2). Let z(j) be the second derivative of j**4/12 + 25*j**2/2 + j. Is z(y) composite?
True
Suppose 4*f = -5*h + 14588, 3*f - 4*h - 14588 = -f. Is f composite?
True
Let c be (2 + -3)*2*10/(-4). Suppose 3*n - 2*q + 3*q = 6491, -4*n + 8680 = -c*q. Is n composite?
True
Let f(b) = -b - 13. Let w be f(-11). Let d be 3 + -4 + w + 11. Is (-319)/(-2) - (-12)/d a prime number?
False
Suppose 5*w - 772 = 3*w. Let c = w - 218. Let k = 295 - c. Is k a prime number?
True
Let d = 32 - -387. Is d a composite number?
False
Suppose 5*i - 40655 = 4*f, -19*i - 8131 = -20*i + 3*f. Is i a composite number?
True
Let c(n) = n**3 + 2*n**2 - n. Suppose 4*u - 3*u + 3*l + 21 = 0, -1 = -4*u + 5*l. Let t be c(u). Let s = t + 271. Is s composite?
True
Let r(w) = 94*w**2 + w + 90. Is r(-8) composite?
True
Let m(j) = 242*j - 9. Is m(10) a composite number?
False
Let x be ((-6)/(-4))/((-12)/(-81080)*5). Suppose -3*d = 5*b - x, 2*b - 675 = -d - 0*b. Is d a prime number?
False
Let m(o) = -o**2 - 4*o - 11. Let h be m(-4). Is 28/(-154) + (-74835)/h prime?
True
Let d = 171 + -2373. Is (d/24)/((-1)/(-8)*-2) composite?
False
Suppose 6*y + 2154 = 12*y. Let n = 228 + y. Is n a composite number?
False
Suppose 5*c = -25, b - 331 = -2*c - 54. Suppose 1547 = 4*f + v + b, 3*f - 922 = 5*v. Is f prime?
False
Suppose 301 = 3*h - 371. Let i be (-1)/(-4)*-1 - (-1044)/16. Let p = i + h. Is p composite?
True
Is 2/4*19/((-171)/(-520722)) composite?
True
Suppose 28*b - 6285 = 25*b. Suppose b = -14*m + 19*m. Is m composite?
False
Suppose 3*b = -4*k + 20, 5*k - 4*k = -3*b + 32. Let r = -7 + b. Suppose -r*q - d - 14 = -79, 4*d + 20 = 0. Is q composite?
True
Suppose -25*t = -56362 - 28063. Is t composite?
True
Let p = 29 - 14. Let w = p + -15. Suppose -3*i + 393 = -w*i. Is i a composite number?
False
Let x(c) be the second derivative of -35*c**3/6 + 3*c**2 + 2*c. Let k be x(-10). Suppose -3*n - n = -k. Is n composite?
False
Is (20/(-8) - -5) + (-39993)/(-2) a composite number?
True
Suppose 5*h = -46 - 54. Is h/16*1*-764 a prime number?
False
Let b(j) = 47*j + 8 + 21 + 2 - 17*j. Is b(10) a composite number?
False
Suppose -f + 5*b + 14 = 0, -b + 2 - 12 = -f. Let q = 14 - f. Suppose q*o + 89 - 249 = -3*p, -2*p + 108 = 2*o. Is p a composite number?
True
Let f(h) = -5*h - 32. Let j be f(-4). Is (-4)/j - (-84972)/18 a prime number?
True
Let z be ((-26)/(-6))/(14/6090). Suppose -d + 4*d = -4*j + z, 2342 = 5*j - d. Is j a prime number?
False
Suppose 1 - 13 = -4*h - 4*y, -h = 3*y - 1. Suppose -3*s + 196 = 6*a - 2*a, 5*s + h*a = 316. Suppose -4*f - 2*o = -s, 3*o = 4*f - 14 - 26. Is f prime?
True
Let p be ((-30)/75)/((-1)/5) + 1. Suppose 0 = 3*f - 0*b + p*b - 456, -3*f = -b - 476. Is f a composite number?
False
Sup